t of q(-2)?
4
Let z = -5 - -4. Let h = z - -1. Suppose 2*f + h*f - 48 = 0. What is the tens digit of f?
2
What is the hundreds digit of (-2 + -1)*(2112/9)/(-1)?
7
Let l = 10 - 4. Let n be (-1 + 37)/(l/30). Let j = -125 + n. What is the units digit of j?
5
Let q = 18734 - 12863. What is the units digit of q?
1
Suppose -186 = -3*l + 3*c, 4*l = 2*c + 220 + 34. Let w be 113/(-3) - (-1)/(-3). Let a = l + w. What is the tens digit of a?
2
Suppose 9*t = 6*t - 12. Let q be t*(-2 - 8/1). Suppose -q = -10*l + 5*l. What is the units digit of l?
8
Let n be (-36)/9*((-165)/3 + 2). Suppose l + 3 = n. What is the tens digit of l?
0
Let m(f) = 6*f**2 + 3*f - 8. Let k be m(-6). Suppose 3*j - 114 = 2*n, 3*n - k = -5*j + 2*n. What is the units digit of j?
8
Let a = 564 + -309. What is the units digit of a?
5
Let z be 1208/24 - 2*(-1)/(-6). Let p = z + 7. What is the tens digit of p?
5
Suppose l + h = -7, 0 = -2*l - 0*h + 5*h - 28. What is the tens digit of 6/l - 298/(-6)?
4
Let r(f) = 95*f + 414. What is the units digit of r(-3)?
9
Let d(i) = -9*i**3 + i - 1. Let s be d(2). Let k be (-1554)/37*12/14. Let f = k - s. What is the tens digit of f?
3
Suppose 4*t + 33 = 9. Let d = 55 - t. What is the units digit of d?
1
Let k(c) = -4*c + 77 - 38 - c + 2*c. What is the units digit of k(-11)?
2
Let g be 4*(1 + -2) - (-12)/3. Suppose g = t + 3*c - 193, 4*t = -3*c - 0*c + 727. What is the tens digit of t?
7
Let n be (-8 - -7) + (2 - 1). Suppose -4*d + f + 296 - 92 = n, -3*d - f = -160. What is the tens digit of d?
5
Let x = -2 - -4. Suppose f = -0*y + x*y + 53, 5*f - 275 = 5*y. What is the units digit of f?
7
Let u(w) = -4*w**2 + 5*w + 9. Let c(l) = l**2 + l. Let y(r) = 3*c(r) + u(r). Let g(s) = -2*s**2 - 25*s - 55. Let v be g(-9). What is the units digit of y(v)?
9
Let y be 2/6 + 78/(-18). Let m = y + 9. Suppose -5*a + v + 19 = 1, 0 = -m*v + 10. What is the units digit of a?
4
Let b(f) be the first derivative of -f**4/4 + 2*f**3/3 + 2*f - 4. Let l be b(2). Suppose x + 4*h = -15, -l*h - 11 = x - 4*x. What is the units digit of x?
1
Let k(g) = 24*g**2 + 72*g + 29. What is the hundreds digit of k(-10)?
7
Suppose -p - p = 4*y - 280, -2*y = 2*p - 286. Let m = p - 62. What is the units digit of m?
4
Let a(i) = i**2 - 8*i + 9. Let r(w) = 9*w**2 + w + 1. Let f be r(-1). Let q be a(f). Suppose 0*u = 3*u - q. What is the units digit of u?
6
Let s(w) = -2*w**3 - 25*w**2 - 24*w + 18. What is the hundreds digit of s(-18)?
0
Suppose -673 - 5 = -r. What is the tens digit of r?
7
Let g = -581 - -833. What is the hundreds digit of g?
2
Let m(s) = -s**3 - s**2 - 6*s - 2. What is the tens digit of m(-7)?
3
Let o = 827 - 156. Suppose 0*b = -11*b + o. What is the tens digit of b?
6
Suppose 3*c + 1 = 2*p, 11 + 4 = 3*p. Let w(n) = 2*n + n**2 + n**3 - n**2 - 2*n**2 + 3. What is the tens digit of w(c)?
1
Suppose 14564 = 11*v + 11*v. What is the tens digit of v?
6
Let z = -1639 - -3031. What is the units digit of z?
2
Let t be (-4 - -4)*(-3)/6. Suppose 4*h + h - 510 = t. Suppose 0 = 5*c - 53 - h. What is the tens digit of c?
3
Let l(b) = -4*b + 4. Let n be l(0). What is the hundreds digit of -2 + n + 4 + 168?
1
Let f(y) = -y**3 + 7*y**2 - 7*y + 8. Let q be f(6). Suppose q*a - 76 = -2*a. Suppose -7 + a = 2*v. What is the units digit of v?
6
Suppose 3*o - 1509 = -6*i + 3*i, 3*i = 3*o + 1503. What is the tens digit of i?
0
Suppose -4*j - 20 = -d - 2*j, 2*j = -2*d + 46. Let t = -513 - -531. Let w = t + d. What is the tens digit of w?
4
Suppose -2*j = -8, -2*y + 5 = -y - j. What is the units digit of (-33)/(1 + -4)*(2 + y)?
1
Let y(k) = -2*k + 2. Let o be y(0). Suppose -o + 26 = 4*l. What is the units digit of l?
6
Suppose 0 = -5*o - 94*n + 92*n + 4468, 4*o = -2*n + 3574. What is the tens digit of o?
9
Let q(g) be the first derivative of g**3/3 + 4*g**2 - 2. What is the units digit of q(6)?
4
Let l be (10 + -5)*(-8)/10. What is the tens digit of 3468/84 + l/14?
4
Suppose -2*s - 4*s = -132. Let d = 28 - s. What is the units digit of d?
6
Suppose 29016 = 26*r - 27690. What is the tens digit of r?
8
Let u = -468 - -651. What is the tens digit of u?
8
Suppose 0 = 7*a + 29 - 2815. What is the units digit of a?
8
Let z = -24 - -46. What is the units digit of z/(-3)*(-6)/4?
1
Let k = -12 + 14. Suppose -k*f - 20 = -0. What is the tens digit of (-56)/10*f/4?
1
Let w = 64 - -104. Suppose -b = 2*b - w. What is the tens digit of b?
5
Let v = 2600 - -131. What is the units digit of v?
1
Let w be 5 - 1 - 9 - -87. Suppose -5*n = -5*d - 290, -2*n + 35 = -3*d - w. What is the tens digit of n?
5
Let c(x) be the second derivative of x**4/4 - 7*x**3/6 + x**2 - 12*x. What is the hundreds digit of c(8)?
1
Suppose -4*z + 48 + 48 = 0. Suppose 5*o + 5*g + 20 = 0, 3*g = -0*o + 3*o + z. What is the tens digit of 581/42 - 1/o?
1
Suppose 4*v = j + 143, -2*j - 146 = -v - 3*v. Suppose 5 = -3*n + v. What is the units digit of n?
0
Let l(v) = -2*v**2 + 11*v - 3. Let p be l(5). Suppose 0 = 2*t + s - 16, t + 18 = 3*t + p*s. What is the units digit of t?
7
Suppose 4*g + 0*g - 8 = 0. Suppose -t - 1 = i + 1, 4*i + g*t + 14 = 0. What is the units digit of i/20 + 675/12?
6
Let r be 0*2/6 - -43. Suppose 101 = 2*n - r. What is the units digit of n?
2
Let i(n) = 5*n**2 - 2*n - 1. Suppose 0 = -3*c + 5*c - 8. Suppose -c*o - 3 = 1. What is the units digit of i(o)?
6
Let d = -10615 - -16309. What is the hundreds digit of d?
6
Let u(d) be the first derivative of -d**4/4 + 4*d**3/3 - d**2 - 4*d + 3. Let w be u(3). Let p = w + 40. What is the tens digit of p?
3
Suppose -6*r - 45 = -r. Let f be (-1012)/18 + 28/126. What is the tens digit of r/(4 + -1) - f?
5
Suppose 50 = -5*q + 10*q. Let m(j) = 3*j**2 - 18*j - 10. What is the hundreds digit of m(q)?
1
Suppose 2*z - 3*z = 2*h - 3, -18 = -3*z + 3*h. Let c = 0 - z. Let g(i) = -3*i - 7. What is the units digit of g(c)?
8
Let d = 1 - 7. Let x = d + 11. Suppose -x - 49 = -3*j. What is the units digit of j?
8
Let g = 47 + -44. Let z(o) = o**2 + o - 5. What is the units digit of z(g)?
7
Let j(f) = 2*f - 18. Let q be j(10). Let r be 161/2 - (-2)/4. What is the units digit of q/(-9) - (-99)/r?
1
Let k be (16/(-2))/(2/(-14)). Let a be -1 + (0 + 3 - 2). Suppose a*x - k = -2*x. What is the tens digit of x?
2
Let z(d) = 12*d**2 + 4*d - 4. Let q be z(2). Suppose -6*j + 14 = -q. What is the tens digit of j?
1
Suppose 4*g - 2*c = 2*c + 20, 3*c = 4*g - 23. Suppose 2*o = -g*q + 5*q + 88, -3*o + 121 = -q. What is the tens digit of o?
4
Let i(s) = 7*s + 14. Let a be i(5). What is the tens digit of ((-18)/21)/((-1)/a)?
4
Suppose 0 = -10*f + 8*f + 34. Suppose 2*n + f = -5*b - 8, 0 = -5*n + b + 5. Suppose 4*u = -u + 10, n = -3*j - 2*u + 109. What is the tens digit of j?
3
Suppose -500 = -2*m - 2*z, -3*z = -3*m + 4*m - 256. What is the tens digit of m?
4
Let m = 15 - 74. Let j = m - -119. What is the tens digit of j?
6
Suppose 2307 = 6*w + 129. What is the units digit of w?
3
Let j = -37 + 71. Suppose -j = -z + 50. What is the tens digit of z?
8
Let o(y) = y**2 + 2*y + 5. Let d be o(0). Suppose -3*m = -2*w + 22 + 64, d*m - 54 = -2*w. What is the units digit of w?
7
What is the tens digit of (-2 - 8/3)*(-288)/14?
9
Let i = 3658 - 2234. What is the units digit of i?
4
Let o be (-5)/(-10) + (-89)/(-2). Suppose -4*v + 7*v = o. Let z = v + -8. What is the units digit of z?
7
Let t be ((-2)/(-6))/(4/(-132)). Let l(y) = y**3 + 1. Let g(r) = 3*r**3 - 12*r**2 - 8*r + 14. Let k(z) = -g(z) + 4*l(z). What is the units digit of k(t)?
3
Let u(k) = 17*k**2 - 322 + 314 - 7*k**2. What is the tens digit of u(-3)?
8
Let z be (4 + -2)*2104/16. Suppose -2*p = -2*o + 16 + 94, 5*o - z = p. What is the units digit of o?
2
Suppose -5*r + 2*m + 30 = 4*m, 2*r - 3*m = -7. Suppose 0*x + r*x + 48 = 0. What is the tens digit of (3/x + 4)*4?
1
Suppose 22 = -3*g + 5*g. Let r = -7 + g. What is the tens digit of 24 + -3 + r + 3?
2
What is the tens digit of 4/(1/(-1)) - (-30 - 3348)?
7
Let c = -800 - -416. Let g = c + 633. What is the units digit of g?
9
Suppose 23*x - 21*x = -12. What is the units digit of 9/18 + x/(-4)?
2
Suppose 8*n = 6*n + 8. Suppose x + n*x - 190 = -3*a, -3*x = -4*a - 114. What is the units digit of x?
8
Let p = -12 + 17. Suppose p*v = 4*v - 1. What is the tens digit of ((-44)/(-8))/(v/(-2))?
1
Let a = 3247 + -1894. What is the hundre